 702.
666
Calculate the remainder when 1597764 is divided by 15363.
12
Calculate the remainder when 61488 is divided by 3413.
54
Calculate the remainder when 64792639 is divided by 6479261.
29
Calculate the remainder when 2933362 is divided by 188.
186
Calculate the remainder when 13258607 is divided by 37.
27
What is the remainder when 52251 is divided by 113?
45
Calculate the remainder when 5959850 is divided by 4159.
3
What is the remainder when 28671 is divided by 134?
129
What is the remainder when 29185594 is divided by 1782?
1780
Calculate the remainder when 8099482 is divided by 5582.
0
What is the remainder when 96973 is divided by 2770?
23
Calculate the remainder when 251228 is divided by 7668.
5852
Calculate the remainder when 485701 is divided by 6460.
1201
What is the remainder when 2860064 is divided by 168235?
69
Calculate the remainder when 49372727 is divided by 197.
193
What is the remainder when 6105224 is divided by 588?
20
Calculate the remainder when 1313105 is divided by 9247.
31
What is the remainder when 57311841 is divided by 197?
10
Calculate the remainder when 98010 is divided by 778.
760
What is the remainder when 68697 is divided by 3379?
1117
Calculate the remainder when 130210 is divided by 9291.
136
Calculate the remainder when 1224 is divided by 49.
48
What is the remainder when 20956 is divided by 1723?
280
What is the remainder when 4292486 is divided by 2125?
2111
Calculate the remainder when 815601 is divided by 375.
351
What is the remainder when 1875843 is divided by 2465?
2443
Calculate the remainder when 5903 is divided by 1518.
1349
Calculate the remainder when 35207658 is divided by 1091.
1088
Calculate the remainder when 77290 is divided by 8262.
2932
Calculate the remainder when 70889950 is divided by 11061.
1
What is the remainder when 102628 is divided by 808?
12
What is the remainder when 914969 is divided by 4996?
701
What is the remainder when 45802 is divided by 1382?
196
What is the remainder when 1670236 is divided by 16?
12
Calculate the remainder when 28480178 is divided by 5015.
5008
What is the remainder when 13627576 is divided by 1501?
1498
Calculate the remainder when 2619628 is divided by 3018.
4
Calculate the remainder when 144611 is divided by 137.
76
What is the remainder when 567195 is divided by 27002?
153
Calculate the remainder when 10178287 is divided by 20155.
12
What is the remainder when 4673423 is divided by 392?
391
What is the remainder when 3227383 is divided by 161336?
663
What is the remainder when 427242 is divided by 1553?
167
Calculate the remainder when 3122910 is divided by 260242.
6
Calculate the remainder when 82784 is divided by 5903.
142
What is the remainder when 22940759 is divided by 229?
226
What is the remainder when 1222706 is divided by 1319?
1312
What is the remainder when 64090 is divided by 15896?
506
Calculate the remainder when 397121 is divided by 9928.
1
What is the remainder when 1215315 is divided by 1219?
1191
What is the remainder when 702941 is divided by 234185?
386
What is the remainder when 4742481 is divided by 1362?
1359
Calculate the remainder when 86452 is divided by 28711.
319
Calculate the remainder when 6022879 is divided by 210.
79
What is the remainder when 922909 is divided by 1326?
13
What is the remainder when 38677923 is divided by 237?
234
What is the remainder when 10796277 is divided by 119?
2
Calculate the remainder when 114174 is divided by 14261.
86
Calculate the remainder when 165515 is divided by 12726.
77
What is the remainder when 172764 is divided by 5763?
5637
Calculate the remainder when 7683796 is divided by 426877.
10
Calculate the remainder when 620695 is divided by 654.
49
Calculate the remainder when 282041 is divided by 7.
4
Calculate the remainder when 901703 is divided by 450850.
3
Calculate the remainder when 6100363 is divided by 47.
45
What is the remainder when 59885 is divided by 19960?
5
Calculate the remainder when 702277 is divided by 282.
97
What is the remainder when 10967871 is divided by 1961?
1959
What is the remainder when 39700 is divided by 1229?
372
What is the remainder when 600410 is divided by 1004?
18
What is the remainder when 16493506 is divided by 1923?
1858
What is the remainder when 534760 is divided by 1224?
1096
What is the remainder when 120804 is divided by 2570?
14
Calculate the remainder when 80358 is divided by 10162.
9224
Calculate the remainder when 252835 is divided by 56.
51
What is the remainder when 2898676 is divided by 1449262?
152
Calculate the remainder when 4851412 is divided by 210930.
22
What is the remainder when 884613 is divided by 21037?
1059
What is the remainder when 384533 is divided by 54796?
961
What is the remainder when 235786 is divided by 11179?
1027
What is the remainder when 702 is divided by 162?
54
What is the remainder when 770196 is divided by 9061?
11
What is the remainder when 38555 is divided by 91?
62
What is the remainder when 12902 is divided by 206?
130
Calculate the remainder when 55993 is divided by 7748.
1757
What is the remainder when 7291167 is divided by 298?
1
What is the remainder when 10482911 is divided by 792?
791
What is the remainder when 1844986 is divided by 500?
486
Calculate the remainder when 35138 is divided by 4601.
2931
What is the remainder when 43877864 is divided by 1967?
1962
Calculate the remainder when 647765 is divided by 107.
94
Calculate the remainder when 172643 is divided by 28491.
1697
What is the remainder when 2829583 is divided by 5526?
271
What is the remainder when 23228080 is divided by 82078?
6
What is the remainder when 1128001496 is divided by 43?
40
Calculate the remainder when 7994921 is divided by 25.
21
What is the remainder when 271282 is divided by 2171?
2078
Calculate the remainder when 99594225 is divided by 5426.
5421
What is the remainder when 434618 is divided by 572?
470
Calculate the remainder when 1847852 is divided by 3718.
6
What is the remainder when 574993 is divided by 3040?
433
Calculate the remainder when 34219291 is divided by 213.
202
What is the remainder when 700667 is divided by 4969?
38
Calculate the remainder when 2023588 is divided by 1476.
1468
What is the remainder when 6036560 is divided by 754569?
8
Calculate the remainder when 60513 is divided by 123.
120
What is the remainder when 291738056 is divided by 1131?
1130
What is the remainder when 12800730 is divided by 789?
783
Calculate the remainder when 311508 is divided by 4330.
4078
What is the remainder when 526998 is divided by 175648?
54
Calculate the remainder when 7811 is divided by 3676.
459
Calculate the remainder when 3341299 is divided by 14158.
11
Calculate the remainder when 440814 is divided by 88139.
119
Calculate the remainder when 21836 is divided by 1877.
1189
What is the remainder when 352403 is divided by 2823?
2351
What is the remainder when 20169 is divided by 3171?
1143
What is the remainder when 1873712 is divided by 468408?
80
Calculate the remainder when 16185 is divided by 3709.
1349
What is the remainder when 5257650 is divided by 7?
6
Calculate the remainder when 41468354 is divided by 2212.
2202
Calculate the remainder when 8243951 is divided by 1097.
1093
What is the remainder when 521339 is divided by 50?
39
Calculate the remainder when 957465 is divided by 193.
185
What is the remainder when 10813733 is divided by 901136?
101
Calculate the remainder when 265195 is divided by 3624.
643
What is the remainder when 222232066 is divided by 231975?
16
Calculate the remainder when 34467 is divided by 16885.
697
Calculate the remainder when 29649440 is divided by 170.
80
What is the remainder when 156258 is divided by 22318?
32
What is the remainder when 48092 is divided by 12727?
9911
What is the remainder when 353186646 is divided by 5337?
5334
Calculate the remainder when 693026 is divided by 323.
191
Calculate the remainder when 5432513 is divided by 31.
11
Calculate the remainder when 66541245 is divided by 72.
69
Calculate the remainder when 265935 is divided by 1970.
1955
Calculate the remainder when 3925606 is divided by 38.
16
What is the remainder when 103408322 is divided by 882?
878
Calculate the remainder when 88223 is divided by 462.
443
What is the remainder when 